-27))/8 + (-47)/9. Determine d(q).
-17
Let x = -32 + 46. Suppose 5*s - 3*q - 11 - 16 = 0, -2*s = -2*q - x. Let t(b) = -3*b + 3. Let d be t(s). Let l(y) = y**3 + 6*y**2 - y - 4. Determine l(d).
2
Let w = 19 + -16. Let q(k) = -w*k**2 + 216 + k**3 - k - 210 - 3*k**2. Determine q(6).
0
Let h(a) = 3*a + 38. Let k = -1164 - -1147. Calculate h(k).
-13
Let o(n) = -10*n + 2. Let q(h) = -11*h - 18. Let j(b) = -o(b) + q(b). Determine j(-11).
-9
Let h be 1 + -1 + -2 + 4. Suppose 4*x - a = 10, h*a = a + 2. Let k(t) = 2*t - 3*t**3 + 3*t**3 - 2*t**2 - 1 - 3*t**x. What is k(1)?
-4
Suppose 4*t + 37 = 4*x + 9, -4*t = 2*x + 10. Let w(s) be the second derivative of -s**4/12 - 7*s**3/6 - 5*s**2/2 - 332*s. Give w(t).
7
Let h(u) be the first derivative of 1/4*u**4 + 7/2*u**2 - 4*u - 2*u**3 - 14. Give h(4).
-8
Let h(u) be the third derivative of -u**6/120 + u**5/20 + 5*u**4/24 + 29*u**2 - 1. Determine h(4).
4
Let f(m) = -m**3 + 16*m**2 - 13*m - 21. Let j(b) = b**3 - 35*b**2 + 121*b + 108. Let d be j(31). What is f(d)?
9
Let u(y) be the first derivative of y**4/12 - 5*y**3/6 - 9*y**2/2 + 50*y + 35. Let w(c) be the first derivative of u(c). Determine w(7).
5
Suppose 0 = -5*k - 4*w + 14, 5*k - 8 = w + w. Let t(r) = 6 + r + 2*r + k*r - 7*r. Let a be 1/6 - (-123)/18. Determine t(a).
-8
Let n(d) = -5*d**3 - 2*d**2 - 2*d + 5. Let j(k) be the second derivative of -k**4/12 - k**3/6 + k**2/2 - 18*k. Let l(i) = 4*j(i) - n(i). Give l(-1).
-6
Let r(i) be the third derivative of i**4/24 - i**3 - 4*i**2 + 39. Give r(4).
-2
Let a(m) = -m**3 + 27*m**2 + 59*m - 26. Let c be a(29). Let i(d) be the third derivative of d**2 + 1/60*d**5 + 1/12*d**4 + 0 + 0*d + 0*d**c. What is i(-2)?
0
Let j = 45 + -54. Let i(h) = h + 14. What is i(j)?
5
Let c(j) = j**3 - 2*j**2 + 3*j - 2. Let m(h) = -h. Let x be 15/25 + 4/10. Let k(u) = x*c(u) + 6*m(u). Let g = -20 - -23. What is k(g)?
-2
Let m(i) = -2*i - 4. Let v be m(-5). Let d(s) = -s**3 + 7*s**2 - 6*s. Let w be d(v). Let t(h) = 18186*h - 7 - 18186*h + h**2 - h**3. Calculate t(w).
-7
Let g(u) be the second derivative of 1/2*u**2 + 16*u + 0 - u**3. Determine g(-3).
19
Let a(z) = z + 6. Suppose -3*i = 3*i + 24. Let o be a(i). Suppose o*m + 0*n + 4*n = 8, 5*m + 36 = 4*n. Let q(h) = -h**3 - 5*h**2 - h. Give q(m).
-12
Let c(d) = d**3 - 6*d**3 - 151136 + 151135 + 5*d - 2*d**2 - 3*d. Suppose 5*t - 4 = 1. What is c(t)?
-6
Let s(p) = -p**3 + 4*p**2 + p + 1. Suppose -27*n + 95 + 40 = 0. What is s(n)?
-19
Suppose 0 = -3*q, -3*q - 5 = -5*h - 2*q. Let s(m) = -2*m - 1 + 1 + 1 + 3*m**2 - m**2. Determine s(h).
1
Let n(q) be the third derivative of 1/360*q**6 - 1/8*q**4 + 0 + 1/20*q**5 + 0*q - 1/3*q**3 + 3*q**2. Let a(b) be the first derivative of n(b). Determine a(-5).
-8
Let y(c) = -c**2 - 2*c + 6. Let b(m) = -12*m - 5. Let f be b(0). Calculate y(f).
-9
Let j(z) = 5*z**2 + 2*z - 1. Suppose 12 = 2*l + 18. Let s = l + 1. Give j(s).
15
Let z(l) = -30*l. Let s(j) = 21*j + 1. Let k(q) = -4*s(q) - 3*z(q). Let c = 0 + 2. Let d be 1/2 - (-5)/c. What is k(d)?
14
Let m(o) = -3*o**3 + 4*o**2 - 4*o + 3. Suppose 0 = -9*p - 6 + 51. Let l(a) = a**3 - 2*a**2 + 2*a - 2. Let c(f) = p*l(f) + 2*m(f). Give c(-3).
-1
Let v(p) = 10*p**2 - 6*p**2 - p**3 - p - 7*p**2. Let z be v(-3). Let m(s) = 0*s + s - 4*s - z - 2*s. Calculate m(-2).
7
Suppose 12 = -5*i - 48. Let q be (-16)/i*(-9)/6. Let v(t) = -7*t - 1. Determine v(q).
13
Suppose 0 = 5*c - j - 15, c - 25 - 4 = -5*j. Suppose c*z - 5 = -17. Let q be ((-1)/3)/(z/(-27)). Let t(w) = -w**2 - 6*w - 4. Calculate t(q).
5
Let q(k) = k**3 + 17*k**2 - 5*k - 57. Let y(t) = t**3 + 14*t**2 - 4*t - 56. Let o(s) = 5*q(s) - 6*y(s). Determine o(0).
51
Let v(o) = -o**3 - 5*o**2 - 8*o + 1. Let c be -1 + 0 + -3 - -3. Let b(d) = -d. Let a(w) = c*v(w) + 6*b(w). Let r = -8 - -4. Give a(r).
7
Let m(q) be the first derivative of 5/3*q**3 - 18 - 4*q - 1/4*q**4 + 1/2*q**2. Determine m(5).
1
Let d(k) = 9*k**2 - 17*k - 24. Let n(z) = 16*z**2 - 31*z - 47. Let r(h) = 7*d(h) - 4*n(h). What is r(7)?
6
Let b = -6 + 10. Let y(c) = 0*c + 2 + b + c - 5. Let m(r) = r**2 + 2*r + 3. Let k be m(-3). Give y(k).
7
Let p(l) be the third derivative of -l**6/60 + l**5/30 + l**4/12 - l**3/2 + 11*l**2 - 2. Give p(2).
-7
Let u(f) = f**3 + 5*f**2 + 6*f - 1. Suppose -4*h - 22 = 2*q - 24, 2*q - 4*h + 14 = 0. What is u(q)?
-1
Let d be (7/14)/(2/8). Let a(o) = -2*o - 3*o**d + 2 + 0*o + 4*o**2 - 5*o. Determine a(7).
2
Let d(g) be the first derivative of 2*g - 4*g - 3*g**2 - 13 + g. Calculate d(-1).
5
Let l(w) = 1. Let a(t) = -t - 1. Let u(q) = q**3 - 3*q**2 + 3*q - 1. Let o be u(2). Let b = -1 - -3. Let z(s) = b*a(s) + o*l(s). Determine z(-1).
1
Let u(q) be the first derivative of 3*q**2/2 - 2*q + 75. Give u(-4).
-14
Suppose 0 = -3*b + 2*f + 22, -b - 2*f - 2*f = 16. Let x(d) = -1 - 4 + 3 + 3 - d. What is x(b)?
-3
Let i(z) = -2*z**2 + 13*z + 4. Suppose -8*x = -0*x - 56. What is i(x)?
-3
Let j(h) be the third derivative of -h**5/30 + h**4/6 - 2*h**3/3 + 14*h**2 + 3. Calculate j(3).
-10
Let u be (13/(-3))/((-2)/(-66)). Let n be u/(-65) - 1/5. Let l(x) = 6 - 4*x - x + n*x. What is l(4)?
-6
Let v(k) be the second derivative of -11*k + 2/3*k**3 + k**2 + 0. What is v(2)?
10
Let r(a) = a**3 - 14*a**2 + 13*a - 12. Let o be -3*((-182)/(-63))/(4/(-6)). Determine r(o).
-12
Let c(l) = l - 3*l**2 - 4 - 9 + 4*l**2. Suppose 0 = -2*h + w + 5, 549*h - 5 = 548*h + w. What is c(h)?
-13
Let c(o) = o + 15. Let p be c(-7). Let a(m) = -m**2 + 9*m - 7. Determine a(p).
1
Let c = 503 + -508. Let j(a) = 5*a**2 - 2*a**2 + 5 + 0*a**2 - 4*a**2 - 4*a. Calculate j(c).
0
Let w(d) be the first derivative of -8 + 3/2*d**2 - 1/4*d**4 + 7*d + 4/3*d**3. Suppose -5*z = -2*g + 5, -7 = -g - 2*z - 0. Determine w(g).
-3
Let n = -3 + 8. Let m(q) = 1 - 2*q + n*q - 5*q - 3*q. Let z(t) = -t**3 + 5*t**2 + 8*t - 10. Let d be z(6). Calculate m(d).
-9
Suppose -6*i - i = -84. Suppose 4*d - 20 + i = 0. Let j(y) = -4*y. Give j(d).
-8
Let r(x) = 3*x**2 + 2*x - 5. Let a(c) = -4*c**2 - 4*c + 5. Let t(w) = -2*a(w) - 3*r(w). Give t(5).
-10
Let d(v) = -20*v**2 + 6*v**2 - 1 - 5*v**2 - 7*v**2. Calculate d(1).
-27
Let z(o) = -o**3 + 13*o**2 - 11*o + 2. Suppose 4*r = -l + 20, 0 = 3*l + r - 9 - 29. Determine z(l).
14
Let u(l) = -l**2 + 7*l - 3. Suppose 3*n = -3*n + n. Let z be (-4 + (2 - n))/(2/(-7)). Calculate u(z).
-3
Let p(d) = -31*d - 15. Let l(a) = -6*a - 3. Let f(q) = 11*l(q) - 2*p(q). Suppose 87*t + 620 = -37*t. What is f(t)?
17
Let k be (1/(-4))/(2/(-16)). Suppose -5*i - 10 = -2*b, b + k*b = 5*i + 5. Let r(o) = 5 - o - 26 + 16. Give r(i).
-1
Let c(f) = 43*f**3 + 17*f**2 + 5. Let z = 6 + -15. Let b(i) = -11*i**3 - 4*i**2 - 1. Let o(x) = z*b(x) - 2*c(x). What is o(-1)?
-12
Let l(r) = r + 2. Suppose 0 = 7*z + 97 - 48. Determine l(z).
-5
Let m = -2 - -1. Let s(k) = -8*k - 29. Let h be s(-4). Let p(l) = 159*l**2 - 160*l**2 + 1 + 0 - 17*l**h. Determine p(m).
17
Let p(q) = q - 7. Let f be p(7). Suppose 0 = 3*z - 12 - f. Let m(n) = -n + 9. Let w be m(z). Let x(k) = 2*k - 3. Calculate x(w).
7
Let s(m) = m**3 + 4*m + 1. Let w(d) = 5*d + 55. Let p be w(-11). Determine s(p).
1
Suppose 13*b = 4*b + 1503. Let f(c) = b*c**3 + 3*c**2 - 166*c**3 + 2 + 4*c - 3. Give f(-3).
-13
Let n(h) = h**3 + 5*h**2 + 6*h. Let i(r) = r**3 - 3*r**2 - 4*r + 6. Let l be i(6). Suppose 3*a + 71 = 4*w + 17, 5*a + 4*w = -l. Let g = a + 14. What is n(g)?
-8
Suppose 14*a - 50 = 4*a. Let q(t) = 3*t + 7. Let i(o) = o + 4. Let u(c) = a*i(c) - 2*q(c). Determine u(8).
-2
Let q be ((-8)/5)/(4/20). Let s(j) be the first derivative of j**4/4 + 8*j**3/3 - j**2/2 + j + 13. Calculate s(q).
9
Let s(n) be the third derivative of -n**7/1680 + n**6/144 - n**5/30 - 6*n**2. Let t(x) be the third derivative of s(x). Suppose -8 = -4*g + 16. Give t(g).
-13
Let x(b) = 4*b**2 - 5*b - 3. Suppose -7*q + 2*q + 15 = 0. Let g be 2/(-3) + (-1)/q. Let m(u) = -u**2 + 1. Let s(a) = g*x(a) - 3*m(a). Determine s(6).
-6
Let l(s) = 366*s - 367*s + 1 - 4. Suppose -o = 2*n - 4*n + 9, -10 = 4*o + 5*n. What is l(o)?
2
Let w(b) be the third derivative of -b**4/24 - b**3/3 - 74*b**2 - 2*b. Determine w(0).
-2
Let z(c) = 11*c + 296. Let a be z(-27). Let n(t) = 7*t + 9. Calculate n(a).
2
Let v(d) = d + 7. Let f = 50 - 47. Suppose 30 = -0*i - 3*i - 3*h, -2*i - 24 = f*h. What is v(i)?
1
Let q(v) = -31*v**2 - 15 + 32*v**2 + 5*v - 3*